 the remainder when 346 is divided by 42?
10
Calculate the remainder when 2956 is divided by 330.
316
What is the remainder when 294 is divided by 27?
24
What is the remainder when 75 is divided by 39?
36
What is the remainder when 1096 is divided by 36?
16
What is the remainder when 839 is divided by 121?
113
Calculate the remainder when 479 is divided by 24.
23
What is the remainder when 322 is divided by 14?
0
Calculate the remainder when 511 is divided by 199.
113
What is the remainder when 111 is divided by 7?
6
What is the remainder when 698 is divided by 20?
18
Calculate the remainder when 8621 is divided by 44.
41
Calculate the remainder when 391 is divided by 6.
1
Calculate the remainder when 4315 is divided by 5.
0
Calculate the remainder when 252 is divided by 23.
22
What is the remainder when 727 is divided by 123?
112
Calculate the remainder when 1680 is divided by 242.
228
Calculate the remainder when 1127 is divided by 103.
97
What is the remainder when 691 is divided by 7?
5
What is the remainder when 224 is divided by 17?
3
Calculate the remainder when 176 is divided by 20.
16
What is the remainder when 294 is divided by 74?
72
What is the remainder when 70 is divided by 6?
4
Calculate the remainder when 144 is divided by 50.
44
Calculate the remainder when 225 is divided by 39.
30
Calculate the remainder when 670 is divided by 26.
20
What is the remainder when 135 is divided by 4?
3
What is the remainder when 599 is divided by 60?
59
Calculate the remainder when 8734 is divided by 8.
6
What is the remainder when 94 is divided by 6?
4
Calculate the remainder when 35 is divided by 24.
11
Calculate the remainder when 349 is divided by 17.
9
What is the remainder when 932 is divided by 135?
122
Calculate the remainder when 1070 is divided by 497.
76
What is the remainder when 3794 is divided by 540?
14
Calculate the remainder when 50 is divided by 12.
2
What is the remainder when 209 is divided by 70?
69
Calculate the remainder when 264 is divided by 36.
12
Calculate the remainder when 527 is divided by 127.
19
Calculate the remainder when 195 is divided by 65.
0
Calculate the remainder when 139 is divided by 29.
23
Calculate the remainder when 6765 is divided by 2253.
6
What is the remainder when 193 is divided by 69?
55
What is the remainder when 165 is divided by 134?
31
Calculate the remainder when 76 is divided by 21.
13
What is the remainder when 446 is divided by 65?
56
What is the remainder when 4364 is divided by 97?
96
What is the remainder when 232 is divided by 73?
13
Calculate the remainder when 1068 is divided by 37.
32
Calculate the remainder when 1136 is divided by 115.
101
What is the remainder when 477 is divided by 38?
21
What is the remainder when 425 is divided by 21?
5
What is the remainder when 2549 is divided by 24?
5
Calculate the remainder when 16 is divided by 6.
4
What is the remainder when 37 is divided by 11?
4
Calculate the remainder when 702 is divided by 235.
232
Calculate the remainder when 147 is divided by 69.
9
Calculate the remainder when 6312 is divided by 11.
9
What is the remainder when 760 is divided by 129?
115
What is the remainder when 141 is divided by 72?
69
Calculate the remainder when 839 is divided by 282.
275
What is the remainder when 745 is divided by 83?
81
What is the remainder when 296 is divided by 21?
2
Calculate the remainder when 62 is divided by 11.
7
Calculate the remainder when 964 is divided by 314.
22
What is the remainder when 171 is divided by 44?
39
What is the remainder when 182 is divided by 26?
0
What is the remainder when 133 is divided by 23?
18
What is the remainder when 14 is divided by 9?
5
What is the remainder when 1237 is divided by 43?
33
What is the remainder when 550 is divided by 43?
34
What is the remainder when 266 is divided by 89?
88
Calculate the remainder when 74 is divided by 25.
24
What is the remainder when 44 is divided by 13?
5
What is the remainder when 570 is divided by 42?
24
Calculate the remainder when 192 is divided by 102.
90
Calculate the remainder when 935 is divided by 67.
64
Calculate the remainder when 329 is divided by 67.
61
What is the remainder when 119 is divided by 15?
14
Calculate the remainder when 17891 is divided by 21.
20
Calculate the remainder when 339 is divided by 46.
17
Calculate the remainder when 3909 is divided by 80.
69
What is the remainder when 662 is divided by 25?
12
Calculate the remainder when 610 is divided by 4.
2
What is the remainder when 492 is divided by 166?
160
What is the remainder when 4523 is divided by 62?
59
Calculate the remainder when 160 is divided by 34.
24
What is the remainder when 54 is divided by 4?
2
Calculate the remainder when 218 is divided by 62.
32
What is the remainder when 11823 is divided by 25?
23
What is the remainder when 6745 is divided by 28?
25
What is the remainder when 95 is divided by 26?
17
What is the remainder when 922 is divided by 52?
38
What is the remainder when 3477 is divided by 174?
171
Calculate the remainder when 112 is divided by 43.
26
What is the remainder when 4651 is divided by 141?
139
What is the remainder when 113 is divided by 9?
5
Calculate the remainder when 1873 is divided by 25.
23
What is the remainder when 365 is divided by 74?
69
Calculate the remainder when 851 is divided by 281.
8
What is the remainder when 4966 is divided by 46?
44
Calculate the remainder when 814 is divided by 19.
16
Calculate the remainder when 1841 is divided by 19.
17
Calculate the remainder when 140 is divided by 36.
32
Calculate the remainder when 9160 is divided by 103.
96
Calculate the remainder when 598 is divided by 49.
10
Calculate the remainder when 1241 is divided by 16.
9
What is the remainder when 535 is divided by 47?
18
What is the remainder when 1249 is divided by 57?
52
Calculate the remainder when 222 is divided by 35.
12
Calculate the remainder when 4605 is divided by 24.
21
Calculate the remainder when 302 is divided by 101.
100
What is the remainder when 240 is divided by 9?
6
Calculate the remainder when 404 is divided by 37.
34
What is the remainder when 534 is divided by 90?
84
Calculate the remainder when 983 is divided by 141.
137
What is the remainder when 845 is divided by 326?
193
Calculate the remainder when 4412 is divided by 184.
180
Calculate the remainder when 386 is divided by 81.
62
Calculate the remainder when 214 is divided by 30.
4
What is the remainder when 356 is divided by 3?
2
What is the remainder when 330 is divided by 14?
8
What is the remainder when 84 is divided by 15?
9
Calculate the remainder when 1836 is divided by 318.
246
What is the remainder when 16 is divided by 3?
1
Calculate the remainder when 86 is divided by 61.
25
Calculate the remainder when 264 is divided by 88.
0
Calculate the remainder when 433 is divided by 85.
8
Calculate the remainder when 3788 is divided by 190.
178
What is the remainder when 6620 is divided by 15?
5
Calculate the remainder when 69 is divided by 24.
21
Calculate the remainder when 126 is divided by 16.
14
Calculate the remainder when 345 is divided by 116.
113
What is the remainder when 843 is divided by 140?
3
Calculate the remainder when 639 is divided by 32.
31
What is the remainder when 1197 is divided by 80?
77
What is the remainder when 476 is divided by 16?
12
Calculate the remainder when 376 is divided by 14.
12
What is the remainder when 757 is divided by 243?
28
Calculate the remainder when 26219 is divided by 10.
9
What is the remainder when 261 is divided by 68?
57
What is the remainder when 187 is divided by 170?
17
What is the remainder when 735 is divided by 20?
15
Calculate the remainder when 96 is divided by 38.
20
What is the remainder when 334 is divided by 67?
66
Calculate the remainder when 2330 is divided by 93.
5
What is the remainder when 3596 is divided by 150?
146
Calculate the remainder when 388 is divided by 8.
4
Calculate the remainder when 513 is divided by 137.
102
Calculate the remainder when 2296 is divided by 6.
4
Calculate the remainder when 694 is divided by 693.
1
Calculate the remainder when 347 is divided by 71.
63
What is the remainder when 64 is divided by 35?
29
What is the remainder when 328 is divided by 71?
44
Calculate the remai